{"id":25,"date":"2020-12-08T03:54:06","date_gmt":"2020-12-08T06:54:06","guid":{"rendered":"https:\/\/gaviaspreview.com\/wp\/orgarium\/?page_id=25"},"modified":"2023-06-13T02:01:29","modified_gmt":"2023-06-13T05:01:29","slug":"blog","status":"publish","type":"page","link":"https:\/\/solumina.devricky.com.br\/index.php\/blog\/","title":{"rendered":"Blog"},"content":{"rendered":"\t\t<div data-elementor-type=\"wp-page\" data-elementor-id=\"25\" class=\"elementor elementor-25\">\n\t\t\t\t\t\t<div class=\"elementor-inner\">\n\t\t\t\t<div class=\"elementor-section-wrap\">\n\t\t\t\t\t\t\t\t\t<section class=\"elementor-section elementor-top-section elementor-element elementor-element-59f29e4 elementor-section-full_width elementor-section-height-default elementor-section-height-default\" data-id=\"59f29e4\" data-element_type=\"section\">\n\t\t\t\t\t\t<div class=\"elementor-container elementor-column-gap-default\">\n\t\t\t\t\t\t\t<div class=\"elementor-row\">\n\t\t\t\t\t<div class=\"elementor-column elementor-col-100 elementor-top-column elementor-element elementor-element-6754167\" data-id=\"6754167\" data-element_type=\"column\">\n\t\t\t<div class=\"elementor-column-wrap elementor-element-populated\">\n\t\t\t\t\t\t\t<div class=\"elementor-widget-wrap\">\n\t\t\t\t\t\t<div class=\"elementor-element elementor-element-458306b elementor-widget elementor-widget-gva_post_breadcrumb\" data-id=\"458306b\" data-element_type=\"widget\" data-widget_type=\"gva_post_breadcrumb.default\">\n\t\t\t\t<div class=\"elementor-widget-container\">\n\t\t\t<div class=\"gva-element-gva_post_breadcrumb gva-element\">   \r\n<div class=\"post-breadcrumb\">\r\n   <div class=\"custom-breadcrumb \" >\r\n            <div class=\"breadcrumb-main\">\r\n        <div class=\"container\">\r\n          <div class=\"breadcrumb-container-inner\">\r\n            <h2 class=\"heading-title\">Blog<\/h2><ol class=\"breadcrumb\"><li><a href=\"https:\/\/solumina.devricky.com.br\">Home<\/a> <\/li> <li class=\"active\">Page<\/li><\/ol>          <\/div>  \r\n        <\/div>   \r\n      <\/div>  \r\n   <\/div>\r\n<\/div>      \r\n\r\n<\/div>\t\t<\/div>\n\t\t\t\t<\/div>\n\t\t\t\t\t\t<\/div>\n\t\t\t\t\t<\/div>\n\t\t<\/div>\n\t\t\t\t\t\t\t\t<\/div>\n\t\t\t\t\t<\/div>\n\t\t<\/section>\n\t\t\t\t<section class=\"elementor-section elementor-top-section elementor-element elementor-element-1fbe8dbc elementor-section-boxed elementor-section-height-default elementor-section-height-default shape-bg-bottom-no\" data-id=\"1fbe8dbc\" data-element_type=\"section\">\n\t\t\t\t\t\t<div class=\"elementor-container elementor-column-gap-default\">\n\t\t\t\t\t\t\t<div class=\"elementor-row\">\n\t\t\t\t\t<div class=\"elementor-column elementor-col-100 elementor-top-column elementor-element elementor-element-505d4390\" data-id=\"505d4390\" data-element_type=\"column\">\n\t\t\t<div class=\"elementor-column-wrap elementor-element-populated\">\n\t\t\t\t\t\t\t<div class=\"elementor-widget-wrap\">\n\t\t\t\t\t\t<div class=\"elementor-element elementor-element-962a554 elementor-widget elementor-widget-gva-posts\" data-id=\"962a554\" data-element_type=\"widget\" data-widget_type=\"gva-posts.default\">\n\t\t\t\t<div class=\"elementor-widget-container\">\n\t\t\t<div class=\"gva-element-gva-posts gva-element\">  \r\n  <div class=\"gva-posts-grid clearfix gva-posts\">\r\n\t\t<div class=\"gva-content-items\"> \r\n\t\t  <div class=\"lg-block-grid-3 md-block-grid-3 sm-block-grid-2 xs-block-grid-2 xx-block-grid-1\">\r\n\t\t\t <div class=\"item-columns\">\r\n   <article id=\"post-48\" class=\"post post-style-2 post-48 type-post status-publish format-standard has-post-thumbnail hentry category-energia-solar\">\r\n      \r\n               <div class=\"post-thumbnail\">\r\n            <a href=\"https:\/\/solumina.devricky.com.br\/index.php\/2023\/06\/08\/energia-solar-mitos-e-verdades\/\">\r\n               <img width=\"580\" height=\"435\" src=\"https:\/\/solumina.devricky.com.br\/wp-content\/uploads\/2020\/03\/mito-e-verdade-580x435.jpg\" class=\"attachment-post-thumbnail size-post-thumbnail wp-post-image\" alt=\"Energia Solar: Mitos e verdades sobre esse meio\" decoding=\"async\" loading=\"lazy\" \/>            <\/a>\r\n                           <div class=\"entry-date\">\r\n                  <span class=\"date\">08<\/span>\r\n                  <span class=\"month\">June<\/span>\r\n               <\/div>\r\n                     <\/div>   \r\n         \r\n\r\n      <div class=\"entry-content has-thumbnail\">\r\n         <div class=\"content-inner\">\r\n            <div class=\"entry-meta\">\r\n               <div class=\"clearfix meta-inline post-meta-1\"><span class=\"author vcard\"><i class=\"far fa-user-circle\"><\/i>solumina<\/span><\/div>            <\/div> \r\n            <h3 class=\"entry-title\">\r\n               <a href=\"https:\/\/solumina.devricky.com.br\/index.php\/2023\/06\/08\/energia-solar-mitos-e-verdades\/\" rel=\"bookmark\">Energia Solar: Mitos e verdades sobre esse meio<\/a>\r\n            <\/h3>\r\n                           <div class=\"entry-desc\">\r\n                  A energia solar \u00e9 uma fonte de energia limpa e sustent\u00e1vel que tem ganhado cada               <\/div>   \r\n                     <\/div>\r\n         <div class=\"read-more\">\r\n            <a class=\"btn-read-more\" href=\"https:\/\/solumina.devricky.com.br\/index.php\/2023\/06\/08\/energia-solar-mitos-e-verdades\/\">Read more<i class=\"fa-regular fa-circle-right\"><\/i><\/a>\r\n         <\/div>\r\n      <\/div>\r\n   <\/article>   \r\n\r\n  <\/div><div class=\"item-columns\">\r\n   <article id=\"post-47\" class=\"post post-style-2 post-47 type-post status-publish format-standard has-post-thumbnail hentry category-energia-solar\">\r\n      \r\n               <div class=\"post-thumbnail\">\r\n            <a href=\"https:\/\/solumina.devricky.com.br\/index.php\/2023\/06\/08\/beneficios-da-energia-solar-para-o-meio-ambiente\/\">\r\n               <img width=\"580\" height=\"424\" src=\"https:\/\/solumina.devricky.com.br\/wp-content\/uploads\/2020\/03\/ambiente-solar-580x424.png\" class=\"attachment-post-thumbnail size-post-thumbnail wp-post-image\" alt=\"Benef\u00edcios da energia solar para o meio ambiente\" decoding=\"async\" loading=\"lazy\" \/>            <\/a>\r\n                           <div class=\"entry-date\">\r\n                  <span class=\"date\">08<\/span>\r\n                  <span class=\"month\">June<\/span>\r\n               <\/div>\r\n                     <\/div>   \r\n         \r\n\r\n      <div class=\"entry-content has-thumbnail\">\r\n         <div class=\"content-inner\">\r\n            <div class=\"entry-meta\">\r\n               <div class=\"clearfix meta-inline post-meta-1\"><span class=\"author vcard\"><i class=\"far fa-user-circle\"><\/i>solumina<\/span><\/div>            <\/div> \r\n            <h3 class=\"entry-title\">\r\n               <a href=\"https:\/\/solumina.devricky.com.br\/index.php\/2023\/06\/08\/beneficios-da-energia-solar-para-o-meio-ambiente\/\" rel=\"bookmark\">Benef\u00edcios da energia solar para o meio ambiente<\/a>\r\n            <\/h3>\r\n                           <div class=\"entry-desc\">\r\n                  A energia solar \u00e9 uma fonte limpa e renov\u00e1vel que traz uma s\u00e9rie de benef\u00edcios               <\/div>   \r\n                     <\/div>\r\n         <div class=\"read-more\">\r\n            <a class=\"btn-read-more\" href=\"https:\/\/solumina.devricky.com.br\/index.php\/2023\/06\/08\/beneficios-da-energia-solar-para-o-meio-ambiente\/\">Read more<i class=\"fa-regular fa-circle-right\"><\/i><\/a>\r\n         <\/div>\r\n      <\/div>\r\n   <\/article>   \r\n\r\n  <\/div><div class=\"item-columns\">\r\n   <article id=\"post-46\" class=\"post post-style-2 post-46 type-post status-publish format-standard has-post-thumbnail hentry category-energia-solar\">\r\n      \r\n               <div class=\"post-thumbnail\">\r\n            <a href=\"https:\/\/solumina.devricky.com.br\/index.php\/2023\/06\/08\/economia-financeira-com-energia-solar\/\">\r\n               <img width=\"580\" height=\"435\" src=\"https:\/\/solumina.devricky.com.br\/wp-content\/uploads\/2020\/03\/economia-financeira-580x435.jpg\" class=\"attachment-post-thumbnail size-post-thumbnail wp-post-image\" alt=\"Economia financeira com energia solar\" decoding=\"async\" loading=\"lazy\" \/>            <\/a>\r\n                           <div class=\"entry-date\">\r\n                  <span class=\"date\">08<\/span>\r\n                  <span class=\"month\">June<\/span>\r\n               <\/div>\r\n                     <\/div>   \r\n         \r\n\r\n      <div class=\"entry-content has-thumbnail\">\r\n         <div class=\"content-inner\">\r\n            <div class=\"entry-meta\">\r\n               <div class=\"clearfix meta-inline post-meta-1\"><span class=\"author vcard\"><i class=\"far fa-user-circle\"><\/i>solumina<\/span><\/div>            <\/div> \r\n            <h3 class=\"entry-title\">\r\n               <a href=\"https:\/\/solumina.devricky.com.br\/index.php\/2023\/06\/08\/economia-financeira-com-energia-solar\/\" rel=\"bookmark\">Economia financeira com energia solar<\/a>\r\n            <\/h3>\r\n                           <div class=\"entry-desc\">\r\n                  A energia solar est\u00e1 se tornando cada vez mais popular devido aos seus benef\u00edcios ambientais               <\/div>   \r\n                     <\/div>\r\n         <div class=\"read-more\">\r\n            <a class=\"btn-read-more\" href=\"https:\/\/solumina.devricky.com.br\/index.php\/2023\/06\/08\/economia-financeira-com-energia-solar\/\">Read more<i class=\"fa-regular fa-circle-right\"><\/i><\/a>\r\n         <\/div>\r\n      <\/div>\r\n   <\/article>   \r\n\r\n  <\/div><div class=\"item-columns\">\r\n   <article id=\"post-45\" class=\"post post-style-2 post-45 type-post status-publish format-standard has-post-thumbnail hentry category-energia-solar\">\r\n      \r\n               <div class=\"post-thumbnail\">\r\n            <a href=\"https:\/\/solumina.devricky.com.br\/index.php\/2023\/06\/08\/energia-solar-na-autossuficiencia-energetica\/\">\r\n               <img width=\"580\" height=\"435\" src=\"https:\/\/solumina.devricky.com.br\/wp-content\/uploads\/2020\/03\/autossuficiente-580x435.jpg\" class=\"attachment-post-thumbnail size-post-thumbnail wp-post-image\" alt=\"Energia solar na autossufici\u00eancia energ\u00e9tica\" decoding=\"async\" loading=\"lazy\" \/>            <\/a>\r\n                           <div class=\"entry-date\">\r\n                  <span class=\"date\">08<\/span>\r\n                  <span class=\"month\">June<\/span>\r\n               <\/div>\r\n                     <\/div>   \r\n         \r\n\r\n      <div class=\"entry-content has-thumbnail\">\r\n         <div class=\"content-inner\">\r\n            <div class=\"entry-meta\">\r\n               <div class=\"clearfix meta-inline post-meta-1\"><span class=\"author vcard\"><i class=\"far fa-user-circle\"><\/i>solumina<\/span><\/div>            <\/div> \r\n            <h3 class=\"entry-title\">\r\n               <a href=\"https:\/\/solumina.devricky.com.br\/index.php\/2023\/06\/08\/energia-solar-na-autossuficiencia-energetica\/\" rel=\"bookmark\">Energia solar na autossufici\u00eancia energ\u00e9tica<\/a>\r\n            <\/h3>\r\n                           <div class=\"entry-desc\">\r\n                  A energia solar desempenha um papel fundamental na busca pela autossufici\u00eancia energ\u00e9tica. Neste post, exploraremos               <\/div>   \r\n                     <\/div>\r\n         <div class=\"read-more\">\r\n            <a class=\"btn-read-more\" href=\"https:\/\/solumina.devricky.com.br\/index.php\/2023\/06\/08\/energia-solar-na-autossuficiencia-energetica\/\">Read more<i class=\"fa-regular fa-circle-right\"><\/i><\/a>\r\n         <\/div>\r\n      <\/div>\r\n   <\/article>   \r\n\r\n  <\/div>\t\t  <\/div>\r\n\t\t<\/div>\r\n\t\t\t\t\t <div class=\"pagination\">\r\n\t\t\t\t  \t\t\t <\/div>\r\n\t\t  <\/div>\r\n  <\/div>\t\t<\/div>\n\t\t\t\t<\/div>\n\t\t\t\t\t\t<\/div>\n\t\t\t\t\t<\/div>\n\t\t<\/div>\n\t\t\t\t\t\t\t\t<\/div>\n\t\t\t\t\t<\/div>\n\t\t<\/section>\n\t\t\t\t<section class=\"elementor-section elementor-top-section elementor-element elementor-element-d47b474 elementor-section-boxed elementor-section-height-default elementor-section-height-default shape-bg-top-no shape-bg-bottom-no\" data-id=\"d47b474\" data-element_type=\"section\" data-settings=\"{&quot;background_background&quot;:&quot;classic&quot;}\">\n\t\t\t\t\t\t\t<div class=\"elementor-background-overlay\"><\/div>\n\t\t\t\t\t\t\t<div class=\"elementor-container elementor-column-gap-default\">\n\t\t\t\t\t\t\t<div class=\"elementor-row\">\n\t\t\t\t\t<div class=\"elementor-column elementor-col-50 elementor-top-column elementor-element elementor-element-1fbd2eb\" data-id=\"1fbd2eb\" data-element_type=\"column\">\n\t\t\t<div class=\"elementor-column-wrap elementor-element-populated\">\n\t\t\t\t\t\t\t<div class=\"elementor-widget-wrap\">\n\t\t\t\t\t\t<div class=\"elementor-element elementor-element-e32966c elementor-widget elementor-widget-gva-heading-block\" data-id=\"e32966c\" data-element_type=\"widget\" data-widget_type=\"gva-heading-block.default\">\n\t\t\t\t<div class=\"elementor-widget-container\">\n\t\t\t<div class=\"gva-element-gva-heading-block gva-element\">   <div class=\"align-left style-1 widget gsc-heading box-align-left auto-responsive\">\r\n      <div class=\"content-inner\">\r\n         \r\n                  \r\n           \r\n         \r\n                     <h2 class=\"title\">\r\n               <span>Descubra como economizar e contribuir para um futuro sustent\u00e1vel. <\/span>\r\n            <\/h2>\r\n                  \r\n         \r\n      <\/div>\r\n   <\/div>\r\n<\/div>\t\t<\/div>\n\t\t\t\t<\/div>\n\t\t\t\t\t\t<\/div>\n\t\t\t\t\t<\/div>\n\t\t<\/div>\n\t\t\t\t<div class=\"elementor-column elementor-col-50 elementor-top-column elementor-element elementor-element-25adf6d\" data-id=\"25adf6d\" data-element_type=\"column\">\n\t\t\t<div class=\"elementor-column-wrap elementor-element-populated\">\n\t\t\t\t\t\t\t<div class=\"elementor-widget-wrap\">\n\t\t\t\t\t\t<div class=\"elementor-element elementor-element-23b711c elementor-widget__width-auto elementor-widget elementor-widget-html\" data-id=\"23b711c\" data-element_type=\"widget\" data-widget_type=\"html.default\">\n\t\t\t\t<div class=\"elementor-widget-container\">\n\t\t\t<a class=\"btn-white\" href=\"https:\/\/gaviaspreview.com\/wp\/orgarium\/about\/\">\n    Saber Mais\n<\/a>\t\t<\/div>\n\t\t\t\t<\/div>\n\t\t\t\t\t\t<\/div>\n\t\t\t\t\t<\/div>\n\t\t<\/div>\n\t\t\t\t\t\t\t\t<\/div>\n\t\t\t\t\t<\/div>\n\t\t<\/section>\n\t\t\t\t\t\t\t\t\t<\/div>\n\t\t\t<\/div>\n\t\t\t\t\t<\/div>\n\t\t","protected":false},"excerpt":{"rendered":"<p>Energia solar na autossufici\u00eancia energ\u00e9tica Home 08 junho solumina Energia Solar: Mitos e verdades sobre esse meio A energia solar \u00e9 uma fonte de energia limpa e sustent\u00e1vel que tem [&hellip;]<\/p>\n","protected":false},"author":1,"featured_media":0,"parent":0,"menu_order":0,"comment_status":"closed","ping_status":"closed","template":"elementor_header_footer","meta":[],"_links":{"self":[{"href":"https:\/\/solumina.devricky.com.br\/index.php\/wp-json\/wp\/v2\/pages\/25"}],"collection":[{"href":"https:\/\/solumina.devricky.com.br\/index.php\/wp-json\/wp\/v2\/pages"}],"about":[{"href":"https:\/\/solumina.devricky.com.br\/index.php\/wp-json\/wp\/v2\/types\/page"}],"author":[{"embeddable":true,"href":"https:\/\/solumina.devricky.com.br\/index.php\/wp-json\/wp\/v2\/users\/1"}],"replies":[{"embeddable":true,"href":"https:\/\/solumina.devricky.com.br\/index.php\/wp-json\/wp\/v2\/comments?post=25"}],"version-history":[{"count":26,"href":"https:\/\/solumina.devricky.com.br\/index.php\/wp-json\/wp\/v2\/pages\/25\/revisions"}],"predecessor-version":[{"id":2874,"href":"https:\/\/solumina.devricky.com.br\/index.php\/wp-json\/wp\/v2\/pages\/25\/revisions\/2874"}],"wp:attachment":[{"href":"https:\/\/solumina.devricky.com.br\/index.php\/wp-json\/wp\/v2\/media?parent=25"}],"curies":[{"name":"wp","href":"https:\/\/api.w.org\/{rel}","templated":true}]}}